tens digit of 2735?
3
What is the tens digit of 845?
4
What is the thousands digit of 49426?
9
What is the hundreds digit of 4489?
4
What is the tens digit of 23269?
6
What is the thousands digit of 6326?
6
What is the tens digit of 788?
8
What is the thousands digit of 32468?
2
What is the tens digit of 17715?
1
What is the tens digit of 4049?
4
What is the hundreds digit of 1039?
0
What is the units digit of 262?
2
What is the tens digit of 883?
8
What is the hundreds digit of 8574?
5
What is the hundreds digit of 213?
2
What is the ten thousands digit of 117367?
1
What is the thousands digit of 22732?
2
What is the hundreds digit of 3448?
4
What is the tens digit of 12123?
2
What is the tens digit of 1728?
2
What is the hundreds digit of 806?
8
What is the tens digit of 402?
0
What is the tens digit of 1422?
2
What is the hundreds digit of 9234?
2
What is the units digit of 6911?
1
What is the tens digit of 1559?
5
What is the tens digit of 993?
9
What is the units digit of 87476?
6
What is the thousands digit of 26745?
6
What is the tens digit of 52435?
3
What is the hundreds digit of 910?
9
What is the tens digit of 199?
9
What is the hundreds digit of 844?
8
What is the ten thousands digit of 88193?
8
What is the tens digit of 18588?
8
What is the thousands digit of 15685?
5
What is the ten thousands digit of 11027?
1
What is the hundreds digit of 606?
6
What is the units digit of 24220?
0
What is the units digit of 146883?
3
What is the tens digit of 176?
7
What is the thousands digit of 7508?
7
What is the tens digit of 6691?
9
What is the hundreds digit of 776?
7
What is the hundreds digit of 1594?
5
What is the hundreds digit of 55202?
2
What is the hundreds digit of 105558?
5
What is the tens digit of 79154?
5
What is the tens digit of 948?
4
What is the hundreds digit of 732?
7
What is the hundreds digit of 732?
7
What is the units digit of 3376?
6
What is the ten thousands digit of 10585?
1
What is the tens digit of 85188?
8
What is the ten thousands digit of 21127?
2
What is the hundreds digit of 1590?
5
What is the thousands digit of 10317?
0
What is the units digit of 1633?
3
What is the ten thousands digit of 58833?
5
What is the thousands digit of 6255?
6
What is the hundred thousands digit of 107193?
1
What is the thousands digit of 2256?
2
What is the units digit of 5253?
3
What is the tens digit of 656?
5
What is the thousands digit of 3520?
3
What is the units digit of 1902?
2
What is the hundreds digit of 1651?
6
What is the units digit of 91324?
4
What is the tens digit of 4022?
2
What is the thousands digit of 3205?
3
What is the ten thousands digit of 10920?
1
What is the hundreds digit of 13984?
9
What is the tens digit of 352?
5
What is the thousands digit of 1217?
1
What is the units digit of 3805?
5
What is the units digit of 67677?
7
What is the units digit of 868?
8
What is the hundreds digit of 8160?
1
What is the hundreds digit of 170?
1
What is the thousands digit of 1187?
1
What is the hundreds digit of 23557?
5
What is the ten thousands digit of 23706?
2
What is the hundred thousands digit of 153831?
1
What is the thousands digit of 109542?
9
What is the units digit of 591?
1
What is the ten thousands digit of 19231?
1
What is the tens digit of 5507?
0
What is the ten thousands digit of 22456?
2
What is the units digit of 1646?
6
What is the units digit of 9032?
2
What is the thousands digit of 44729?
4
What is the thousands digit of 18923?
8
What is the hundreds digit of 141047?
0
What is the hundreds digit of 1324?
3
What is the tens digit of 42596?
9
What is the ten thousands digit of 51655?
5
What is the units digit of 13616?
6
What is the hundreds digit of 1079?
0
What is the hundreds digit of 2132?
1
What is the units digit of 3034?
4
What is the thousands digit of 25070?
5
What is the tens digit of 4413?
1
What is the units digit of 183523?
3
What is the hundred thousands digit of 161986?
1
What is the hundreds digit of 339?
3
What is the units digit of 152658?
8
What is the units digit of 56329?
9
What is the hundreds digit of 11230?
2
What is the hundreds digit of 90391?
3
What is the units digit of 70956?
6
What is the units digit of 1939?
9
What is the tens digit of 667?
6
What is the tens digit of 24316?
1
What is the units digit of 35371?
1
What is the units digit of 144012?
2
What is the ten thousands digit of 40434?
4
What is the thousands digit of 13390?
3
What is the ten thousands digit of 97353?
9
What is the hundreds digit of 8387?
3
What is the tens digit of 607?
0
What is the units digit of 15243?
3
What is the tens digit of 23253?
5
What is the ten thousands digit of 12592?
1
What is the thousands digit of 19719?
9
What is the tens digit of 670?
7
What is the thousands digit of 2004?
2
What is the tens digit of 13455?
5
What is the units digit of 15060?
0
What is the thousands digit of 5198?
5
What is the hundreds digit of 7779?
7
What is the units digit of 5095?
5
What is the tens digit of 610?
1
What is the units digit of 8880?
0
What is the ten thousands digit of 59443?
5
What is the units digit of 3976?
6
What is the hundreds digit of 4278?
2
What is the thousands digit of 5404?
5
What is the hundreds digit of 50902?
9
What is the ten thousands digit of 29382?
2
What is the tens digit of 2979?
7
What is the tens digit of 8656?
5
What is the hundreds digit of 44831?
8
What is the tens digit of 44236?
3
What is the units digit of 35528?
8
What is the hundreds digit of 461?
4
What is the thousands digit of 2026?
2
What is the tens digit of 34895?
9
What is the ten thousands digit of 19638?
1
What is the ten thousands digit of 87182?
8
What is the tens digit of 345?
4
What is the ten thousands digit of 10859?
1
What is the hundreds digit of 1037?
0
What is the ten thousands digit of 38788?
3
What is the thousands digit of 34863?
4
What is the ten thousands digit of 39586?
3
What is the units digit of 8581?
1
What is the hundreds digit of 7928?
9
What is the hundreds digit of 642?
6
What is the thousands digit of 52858?
2
What is the thousands digit of 10527?
0
What is the hundreds digit of 12214?
2
What is the units digit of 4385?
5
What is the hundreds digit of 366?
3
What is the units digit of 3289?
9
What is the units digit of 880?
0
What is the hundreds digit of 26515?
5
What is the hundreds digit of 517?
5
What is the units digit of 191?
1
What is the tens digit of 57936?
3
What is the ten thousands digit of 11175?
1
What is the thousands digit of 51754?
1
What is the thousands digit of 1271?
1
What is the units digit of 26462?
2
What is the units digit of 4401?
1
What is the hundreds digit of 9414?
4
What is the units digit of 7529?
9
What is the hundreds digit of 2753?
7
What is the ten thousands digit of 74003?
7
What is the hundreds digit of 2254?
2
What is the units digit of 945?
5
What is the hundreds digit of 23280?
2
What is the ten thousands digit of 10714?
1
What is the hundreds digit of 7302?
3
What is the tens digit of 710?
1
What is the ten thousands digit of 80188?
8
What is the hundreds digit of 358?
3
What is the units digit of 21?
1
What is the hundreds digit of 325?
3
What is the hundreds digit of 1078?
0
What is the thousands digit of 4833?
4
What is the thousands digit of 8733?
8
What is the hundred thousands digit of 119621?
1
What is the hundreds digit of 19719?
7
What is the hundreds digit of 163?
1
What is the thousands digit of 1485?
1
What is the units digit of 1732?
2
What is the units digit of 61936?
6
What is the thousands digit of 2964?
2
What is the hundreds digit of 43158?
1
What is the ten thousands digit of 53256?
5
What is the tens digit of 1255?
5
What is the units digit of 47034?
4
What is the units digit of 11202?
2
What is the units digit of 1669?
9
What is the units digit of 2615?
5
What is the units digit of 3931?
1
What is the tens digit of 2563?
6
What is the tens digit of 1264?
6
What is the hundreds digit of 46027?
0
What is the ten thousands digit of 92858?
9
What is the tens digit of 63?
6
What is the units digit of 7093?
3
What is the tens digit of 1332?
3
What is the hundreds digit of 782?
7
What is the units digit of 440?
0
What is the units digit of 2326?
6
What is the hundreds digit of 51637?
6
What is the tens digit of 2308